{"id":195,"date":"2025-06-27T14:30:31","date_gmt":"2025-06-27T12:30:31","guid":{"rendered":"https:\/\/marinerolland.com\/?page_id=195"},"modified":"2026-03-26T14:47:29","modified_gmt":"2026-03-26T13:47:29","slug":"soins-energetiques","status":"publish","type":"page","link":"https:\/\/marinerolland.com\/?page_id=195","title":{"rendered":"Soins \u00e9nerg\u00e9tiques"},"content":{"rendered":"\t\t<div data-elementor-type=\"wp-page\" data-elementor-id=\"195\" class=\"elementor elementor-195\" data-elementor-post-type=\"page\">\n\t\t\t\t<div class=\"elementor-element elementor-element-b042d7a e-flex e-con-boxed e-con e-parent\" data-id=\"b042d7a\" data-element_type=\"container\" data-e-type=\"container\">\n\t\t\t\t\t<div class=\"e-con-inner\">\n\t\t\t\t<div class=\"elementor-element elementor-element-de87515 elementor-widget elementor-widget-heading\" data-id=\"de87515\" data-element_type=\"widget\" data-e-type=\"widget\" data-widget_type=\"heading.default\">\n\t\t\t\t<div class=\"elementor-widget-container\">\n\t\t\t\t\t<h1 class=\"elementor-heading-title elementor-size-default\">Soins \u00e9nerg\u00e9tiques<\/h1>\t\t\t\t<\/div>\n\t\t\t\t<\/div>\n\t\t\t\t\t<\/div>\n\t\t\t\t<\/div>\n\t\t<div class=\"elementor-element elementor-element-a25e0c2 e-flex e-con-boxed e-con e-parent\" data-id=\"a25e0c2\" data-element_type=\"container\" data-e-type=\"container\">\n\t\t\t\t\t<div class=\"e-con-inner\">\n\t\t\t\t<div class=\"elementor-element elementor-element-74967d9 elementor-widget elementor-widget-image\" data-id=\"74967d9\" data-element_type=\"widget\" data-e-type=\"widget\" data-widget_type=\"image.default\">\n\t\t\t\t<div class=\"elementor-widget-container\">\n\t\t\t\t\t\t\t\t\t\t\t\t\t\t\t<img fetchpriority=\"high\" decoding=\"async\" width=\"800\" height=\"800\" src=\"https:\/\/marinerolland.com\/wp-content\/uploads\/2025\/07\/ChatGPT-Image-Jun-6-2025-from-BrandGenie-3.png\" class=\"attachment-large size-large wp-image-306\" alt=\"\" srcset=\"https:\/\/marinerolland.com\/wp-content\/uploads\/2025\/07\/ChatGPT-Image-Jun-6-2025-from-BrandGenie-3.png 1024w, https:\/\/marinerolland.com\/wp-content\/uploads\/2025\/07\/ChatGPT-Image-Jun-6-2025-from-BrandGenie-3-300x300.png 300w, https:\/\/marinerolland.com\/wp-content\/uploads\/2025\/07\/ChatGPT-Image-Jun-6-2025-from-BrandGenie-3-100x100.png 100w, https:\/\/marinerolland.com\/wp-content\/uploads\/2025\/07\/ChatGPT-Image-Jun-6-2025-from-BrandGenie-3-150x150.png 150w, https:\/\/marinerolland.com\/wp-content\/uploads\/2025\/07\/ChatGPT-Image-Jun-6-2025-from-BrandGenie-3-768x768.png 768w\" sizes=\"(max-width: 800px) 100vw, 800px\" \/>\t\t\t\t\t\t\t\t\t\t\t\t\t\t\t<\/div>\n\t\t\t\t<\/div>\n\t\t\t\t\t<\/div>\n\t\t\t\t<\/div>\n\t\t<div class=\"elementor-element elementor-element-eb1505f e-flex e-con-boxed e-con e-parent\" data-id=\"eb1505f\" data-element_type=\"container\" data-e-type=\"container\">\n\t\t\t\t\t<div class=\"e-con-inner\">\n\t\t\t\t\t<\/div>\n\t\t\t\t<\/div>\n\t\t<div class=\"elementor-element elementor-element-b763373 e-flex e-con-boxed e-con e-parent\" data-id=\"b763373\" data-element_type=\"container\" data-e-type=\"container\">\n\t\t\t\t\t<div class=\"e-con-inner\">\n\t\t<div class=\"elementor-element elementor-element-7aa147e e-con-full e-flex e-con e-child\" data-id=\"7aa147e\" data-element_type=\"container\" data-e-type=\"container\">\n\t\t\t\t<div class=\"elementor-element elementor-element-3835f70 elementor-widget elementor-widget-image\" data-id=\"3835f70\" data-element_type=\"widget\" data-e-type=\"widget\" data-widget_type=\"image.default\">\n\t\t\t\t<div class=\"elementor-widget-container\">\n\t\t\t\t\t\t\t\t\t\t\t\t\t\t\t<img decoding=\"async\" width=\"800\" height=\"457\" src=\"https:\/\/marinerolland.com\/wp-content\/uploads\/2025\/07\/Soins-Energetiques-1024x585.jpeg\" class=\"attachment-large size-large wp-image-308\" alt=\"Soins \u00e9nerg\u00e9tiques\" srcset=\"https:\/\/marinerolland.com\/wp-content\/uploads\/2025\/07\/Soins-Energetiques-1024x585.jpeg 1024w, https:\/\/marinerolland.com\/wp-content\/uploads\/2025\/07\/Soins-Energetiques-300x171.jpeg 300w, https:\/\/marinerolland.com\/wp-content\/uploads\/2025\/07\/Soins-Energetiques-768x439.jpeg 768w, https:\/\/marinerolland.com\/wp-content\/uploads\/2025\/07\/Soins-Energetiques-1536x878.jpeg 1536w, https:\/\/marinerolland.com\/wp-content\/uploads\/2025\/07\/Soins-Energetiques.jpeg 1792w\" sizes=\"(max-width: 800px) 100vw, 800px\" \/>\t\t\t\t\t\t\t\t\t\t\t\t\t\t\t<\/div>\n\t\t\t\t<\/div>\n\t\t\t\t<\/div>\n\t\t<div class=\"elementor-element elementor-element-1f15f15 e-con-full e-flex e-con e-child\" data-id=\"1f15f15\" data-element_type=\"container\" data-e-type=\"container\">\n\t\t\t\t<div class=\"elementor-element elementor-element-28a5310 elementor-widget elementor-widget-text-editor\" data-id=\"28a5310\" data-element_type=\"widget\" data-e-type=\"widget\" data-widget_type=\"text-editor.default\">\n\t\t\t\t<div class=\"elementor-widget-container\">\n\t\t\t\t\t\t\t\t\t<p><span style=\"color: #993366;\"><span style=\"font-family: Open sans, sans-serif;\"><span style=\"font-size: medium;\"><b>Soin \u00e9nerg\u00e9tique &#8211; sur place ou \u00e0 distance &#8211;\u00a0<\/b><\/span><\/span><\/span><\/p><ul><li><p><span style=\"color: #222222;\"><span style=\"font-family: Open sans, sans-serif;\"><span style=\"font-size: medium;\">Nettoyage \u00e9nerg\u00e9tique, r\u00e9\u00e9quilibrage des chakras, harmonisation de l&rsquo;aura<\/span><\/span><\/span><\/p><\/li><li><p><span style=\"color: #222222;\"><span style=\"font-family: Open sans, sans-serif;\"><span style=\"font-size: medium;\">Connexion \u00e0 votre \u00e9nergie pour analyse des blocages puis r\u00e9alignement de l&rsquo;\u00e9nergie pour une circulation optimale dans votre corps.\u00a0<\/span><\/span><\/span><\/p><\/li><li><p><span style=\"color: #222222;\"><span style=\"font-family: Open sans, sans-serif;\"><span style=\"font-size: medium;\">Lib\u00e9ration des blocages par la parole. Recherche de liens \/explications entre blocages psychologiques et physiques pour lib\u00e9rer l&rsquo;inconscient.\u00a0<\/span><\/span><\/span><\/p><\/li><\/ul>\t\t\t\t\t\t\t\t<\/div>\n\t\t\t\t<\/div>\n\t\t\t\t<\/div>\n\t\t\t\t\t<\/div>\n\t\t\t\t<\/div>\n\t\t<div class=\"elementor-element elementor-element-04c3da8 e-flex e-con-boxed e-con e-parent\" data-id=\"04c3da8\" data-element_type=\"container\" data-e-type=\"container\">\n\t\t\t\t\t<div class=\"e-con-inner\">\n\t\t<div class=\"elementor-element elementor-element-aed8eaa e-con-full e-flex e-con e-child\" data-id=\"aed8eaa\" data-element_type=\"container\" data-e-type=\"container\">\n\t\t\t\t<div class=\"elementor-element elementor-element-33c387c elementor-widget elementor-widget-image\" data-id=\"33c387c\" data-element_type=\"widget\" data-e-type=\"widget\" data-widget_type=\"image.default\">\n\t\t\t\t<div class=\"elementor-widget-container\">\n\t\t\t\t\t\t\t\t\t\t\t\t\t\t\t<img decoding=\"async\" width=\"800\" height=\"457\" src=\"https:\/\/marinerolland.com\/wp-content\/uploads\/2025\/07\/Coupeuse-Barreuse-de-feu-1024x585.jpeg\" class=\"attachment-large size-large wp-image-312\" alt=\"barrage de feu, barreur de feu, coupe de feu\" srcset=\"https:\/\/marinerolland.com\/wp-content\/uploads\/2025\/07\/Coupeuse-Barreuse-de-feu-1024x585.jpeg 1024w, https:\/\/marinerolland.com\/wp-content\/uploads\/2025\/07\/Coupeuse-Barreuse-de-feu-300x171.jpeg 300w, https:\/\/marinerolland.com\/wp-content\/uploads\/2025\/07\/Coupeuse-Barreuse-de-feu-768x439.jpeg 768w, https:\/\/marinerolland.com\/wp-content\/uploads\/2025\/07\/Coupeuse-Barreuse-de-feu-1536x878.jpeg 1536w, https:\/\/marinerolland.com\/wp-content\/uploads\/2025\/07\/Coupeuse-Barreuse-de-feu.jpeg 1792w\" sizes=\"(max-width: 800px) 100vw, 800px\" \/>\t\t\t\t\t\t\t\t\t\t\t\t\t\t\t<\/div>\n\t\t\t\t<\/div>\n\t\t\t\t<\/div>\n\t\t<div class=\"elementor-element elementor-element-b23ea6c e-con-full e-flex e-con e-child\" data-id=\"b23ea6c\" data-element_type=\"container\" data-e-type=\"container\">\n\t\t\t\t<div class=\"elementor-element elementor-element-a462e87 elementor-widget elementor-widget-text-editor\" data-id=\"a462e87\" data-element_type=\"widget\" data-e-type=\"widget\" data-widget_type=\"text-editor.default\">\n\t\t\t\t<div class=\"elementor-widget-container\">\n\t\t\t\t\t\t\t\t\t<p><span style=\"color: #993366;\"><span style=\"font-family: Open sans, sans-serif;\"><span style=\"font-size: medium;\"><b>Barrage de feu &#8211;<\/b><\/span><\/span><\/span><\/p><p><span style=\"color: #000000;\"><span style=\"font-family: 'Open sans', sans-serif; font-size: medium;\">Soin \u00e9nerg\u00e9tique <span style=\"caret-color: #993366;\">qui<\/span> vise \u00e0:<\/span><\/span><\/p><ul><li><p><span style=\"color: #212121;\"><span style=\"font-family: Open sans, sans-serif;\"><span style=\"font-size: medium;\">Arr\u00eater les br\u00fblures<\/span><\/span><\/span><\/p><\/li><li><p><span style=\"color: #212121;\"><span style=\"font-family: Open sans, sans-serif;\"><span style=\"font-size: medium;\">Apaiser les douleurs<\/span><\/span><\/span><\/p><\/li><li><p><span style=\"color: #212121;\"><span style=\"font-family: Open sans, sans-serif;\"><span style=\"font-size: medium;\">Aider \u00e0 la cicatrisation<\/span><\/span><\/span><\/p><\/li><li><p><span style=\"color: #212121; font-family: Open sans, sans-serif; font-size: medium;\">Soulager les zonas, <span style=\"caret-color: #212121;\">insolations, radioth\u00e9rapies<\/span><\/span><\/p><\/li><\/ul>\t\t\t\t\t\t\t\t<\/div>\n\t\t\t\t<\/div>\n\t\t\t\t<\/div>\n\t\t\t\t\t<\/div>\n\t\t\t\t<\/div>\n\t\t<div class=\"elementor-element elementor-element-5e8e6aa e-flex e-con-boxed e-con e-parent\" data-id=\"5e8e6aa\" data-element_type=\"container\" data-e-type=\"container\">\n\t\t\t\t\t<div class=\"e-con-inner\">\n\t\t<div class=\"elementor-element elementor-element-ea3339f e-con-full e-flex e-con e-child\" data-id=\"ea3339f\" data-element_type=\"container\" data-e-type=\"container\">\n\t\t\t\t<div class=\"elementor-element elementor-element-4a7b5de elementor-widget elementor-widget-image\" data-id=\"4a7b5de\" data-element_type=\"widget\" data-e-type=\"widget\" data-widget_type=\"image.default\">\n\t\t\t\t<div class=\"elementor-widget-container\">\n\t\t\t\t\t\t\t\t\t\t\t\t\t\t\t<img loading=\"lazy\" decoding=\"async\" width=\"800\" height=\"514\" src=\"https:\/\/marinerolland.com\/wp-content\/uploads\/2025\/07\/mountains-1587287_1280-1024x658.jpg\" class=\"attachment-large size-large wp-image-329\" alt=\"Nettoyage de lieux\" srcset=\"https:\/\/marinerolland.com\/wp-content\/uploads\/2025\/07\/mountains-1587287_1280-1024x658.jpg 1024w, https:\/\/marinerolland.com\/wp-content\/uploads\/2025\/07\/mountains-1587287_1280-300x193.jpg 300w, https:\/\/marinerolland.com\/wp-content\/uploads\/2025\/07\/mountains-1587287_1280-768x494.jpg 768w, https:\/\/marinerolland.com\/wp-content\/uploads\/2025\/07\/mountains-1587287_1280.jpg 1280w\" sizes=\"(max-width: 800px) 100vw, 800px\" \/>\t\t\t\t\t\t\t\t\t\t\t\t\t\t\t<\/div>\n\t\t\t\t<\/div>\n\t\t\t\t<\/div>\n\t\t<div class=\"elementor-element elementor-element-4e3cb65 e-con-full e-flex e-con e-child\" data-id=\"4e3cb65\" data-element_type=\"container\" data-e-type=\"container\">\n\t\t\t\t<div class=\"elementor-element elementor-element-a08df07 elementor-widget elementor-widget-text-editor\" data-id=\"a08df07\" data-element_type=\"widget\" data-e-type=\"widget\" data-widget_type=\"text-editor.default\">\n\t\t\t\t<div class=\"elementor-widget-container\">\n\t\t\t\t\t\t\t\t\t<p>\u00a0<\/p><p><span style=\"color: #993366;\"><strong>Harmonisation d&rsquo;espaces &#8211;<\/strong><\/span><\/p><p><span style=\"color: #000000;\">Cette approche vise \u00e0 transformer un espace (maison ou travail) en un lieu harmonieux et \u00e9nerg\u00e9tiquement positif. Elle repose sur trois \u00e9tapes principales: purifier les \u00e9nergies n\u00e9gatives, r\u00e9\u00e9quilibrer les flux pour favoriser le bien-\u00eatre, puis augmenter le niveau vibratoire gr\u00e2ce \u00e0 diff\u00e9rents outils.<\/span><\/p><p><span style=\"color: #000000;\"><span style=\"text-decoration: underline;\">R\u00e9sultat<\/span>: un environnement plus sain, apaisant et stimulant, qui am\u00e9liore le bien-\u00eatre, la clart\u00e9 mentale et la qualit\u00e9 du sommeil ou du travail.<\/span><\/p>\t\t\t\t\t\t\t\t<\/div>\n\t\t\t\t<\/div>\n\t\t\t\t<\/div>\n\t\t\t\t\t<\/div>\n\t\t\t\t<\/div>\n\t\t<div class=\"elementor-element elementor-element-c02bdc3 e-flex e-con-boxed e-con e-parent\" data-id=\"c02bdc3\" data-element_type=\"container\" data-e-type=\"container\">\n\t\t\t\t\t<div class=\"e-con-inner\">\n\t\t\t\t\t<\/div>\n\t\t\t\t<\/div>\n\t\t<div class=\"elementor-element elementor-element-66354ad e-flex e-con-boxed e-con e-parent\" data-id=\"66354ad\" data-element_type=\"container\" data-e-type=\"container\">\n\t\t\t\t\t<div class=\"e-con-inner\">\n\t\t\t\t<div class=\"elementor-element elementor-element-a412f14 elementor-widget elementor-widget-heading\" data-id=\"a412f14\" data-element_type=\"widget\" data-e-type=\"widget\" data-widget_type=\"heading.default\">\n\t\t\t\t<div class=\"elementor-widget-container\">\n\t\t\t\t\t<h1 class=\"elementor-heading-title elementor-size-default\">Tarifs<\/h1>\t\t\t\t<\/div>\n\t\t\t\t<\/div>\n\t\t\t\t\t<\/div>\n\t\t\t\t<\/div>\n\t\t<div class=\"elementor-element elementor-element-824c882 e-flex e-con-boxed e-con e-parent\" data-id=\"824c882\" data-element_type=\"container\" data-e-type=\"container\">\n\t\t\t\t\t<div class=\"e-con-inner\">\n\t\t\t\t<div class=\"elementor-element elementor-element-04e3d73 elementor-widget elementor-widget-text-editor\" data-id=\"04e3d73\" data-element_type=\"widget\" data-e-type=\"widget\" data-widget_type=\"text-editor.default\">\n\t\t\t\t<div class=\"elementor-widget-container\">\n\t\t\t\t\t\t\t\t\t<ul><li class=\"western\"><span style=\"font-family: Open sans, sans-serif;\"><span style=\"font-size: medium;\"><span style=\"color: #000000; font-weight: normal;\"><u>Soin \u00e9nerg\u00e9tique:<\/u> 120 \u20ac<\/span><\/span><\/span><\/li><li><u style=\"font-family: 'Open sans', sans-serif; color: #000000; caret-color: #000000; text-align: var(--text-align);\">Barrage de feu:<\/u><span style=\"color: #000000;\"><span style=\"font-family: 'Open sans', sans-serif;\"><span style=\"font-size: medium;\">\u00a0<\/span><\/span><\/span><span style=\"color: #212121;\"><span style=\"font-family: Open sans, sans-serif;\"><span style=\"font-size: medium;\">Don libre.\u00a0<\/span><\/span><\/span><span style=\"color: #000000;\"><span style=\"font-family: 'Open sans', sans-serif;\"><span style=\"font-size: medium;\">Pour le soin apport\u00e9 lors d&rsquo;un barrage de feu, aucun tarif fixe n&rsquo;est impos\u00e9. La personne br\u00fbl\u00e9e, ou son entourage, est libre de contribuer \u00e0 hauteur de ce qu&rsquo;elle souhaite et peut offrir. Ce principe repose sur la confiance et la gratitude mutuelle.<\/span><\/span><\/span><\/li><li><span style=\"color: #000000;\"><span style=\"text-decoration: underline;\">Harmonisation d&rsquo;espaces:<\/span> sur devis uniquement<\/span><\/li><\/ul>\t\t\t\t\t\t\t\t<\/div>\n\t\t\t\t<\/div>\n\t\t\t\t\t<\/div>\n\t\t\t\t<\/div>\n\t\t\t\t<\/div>\n\t\t","protected":false},"excerpt":{"rendered":"<p>Soins \u00e9nerg\u00e9tiques Soin \u00e9nerg\u00e9tique &#8211; sur place ou \u00e0 distance &#8211;\u00a0 Nettoyage \u00e9nerg\u00e9tique, r\u00e9\u00e9quilibrage des chakras, harmonisation de l&rsquo;aura Connexion \u00e0 votre \u00e9nergie pour analyse des blocages puis r\u00e9alignement de l&rsquo;\u00e9nergie pour une circulation optimale dans votre corps.\u00a0 Lib\u00e9ration des blocages par la parole. Recherche de liens \/explications entre blocages psychologiques et physiques pour lib\u00e9rer [&hellip;]<\/p>\n","protected":false},"author":1,"featured_media":0,"parent":0,"menu_order":0,"comment_status":"closed","ping_status":"closed","template":"","meta":{"footnotes":""},"class_list":["post-195","page","type-page","status-publish","hentry"],"jetpack_sharing_enabled":true,"_links":{"self":[{"href":"https:\/\/marinerolland.com\/index.php?rest_route=\/wp\/v2\/pages\/195","targetHints":{"allow":["GET"]}}],"collection":[{"href":"https:\/\/marinerolland.com\/index.php?rest_route=\/wp\/v2\/pages"}],"about":[{"href":"https:\/\/marinerolland.com\/index.php?rest_route=\/wp\/v2\/types\/page"}],"author":[{"embeddable":true,"href":"https:\/\/marinerolland.com\/index.php?rest_route=\/wp\/v2\/users\/1"}],"replies":[{"embeddable":true,"href":"https:\/\/marinerolland.com\/index.php?rest_route=%2Fwp%2Fv2%2Fcomments&post=195"}],"version-history":[{"count":46,"href":"https:\/\/marinerolland.com\/index.php?rest_route=\/wp\/v2\/pages\/195\/revisions"}],"predecessor-version":[{"id":1569,"href":"https:\/\/marinerolland.com\/index.php?rest_route=\/wp\/v2\/pages\/195\/revisions\/1569"}],"wp:attachment":[{"href":"https:\/\/marinerolland.com\/index.php?rest_route=%2Fwp%2Fv2%2Fmedia&parent=195"}],"curies":[{"name":"wp","href":"https:\/\/api.w.org\/{rel}","templated":true}]}}